the prime factors of (j/(-30))/(1/3).
2, 31
Let f be 2/3*108/(-24). Let h(p) = p**2 - 5*p - 7. Let t be h(f). List the prime factors of (-6 + 7)/(1/t).
17
What are the prime factors of 17/(68/10960) - 2?
2, 37
List the prime factors of 1117 + ((-2)/2 - (-8 - -2)).
2, 3, 11, 17
Suppose 0 = -35*m + 31292 + 5563. List the prime factors of m.
3, 13
Suppose -2*c - 4*v = -4361 + 1193, -3*c = -2*v - 4760. What are the prime factors of c?
2, 13, 61
Let f(d) = -3*d**2 - d + 19. Let j = 41 + -41. List the prime factors of f(j).
19
Let x = 3 + 1. Suppose -x*i - 10 = -106. List the prime factors of i.
2, 3
Let j(l) = l**3 - 14*l**2 + 13*l + 17. Let k be j(13). Suppose m + 5*h = 19, 2*m + k - 45 = -5*h. Suppose 4*s - 7 = m. List the prime factors of s.
2
Suppose 0 = w - 0 - 9. Let a = 12 - 10. Suppose p - w = -a*o, 5*p - 53 + 3 = -5*o. What are the prime factors of p?
11
Let j = -195 + 170. Let m = 5 + -16. Let t = m - j. What are the prime factors of t?
2, 7
Suppose 0 = -15*h + 6872 + 1843. What are the prime factors of h?
7, 83
Let g(s) = -s - 18. Let i be g(0). Let l be (-2 - -25)/((-3)/12*2). Let f = i - l. What are the prime factors of f?
2, 7
Suppose -3*v + 3*f = -0*v - 3, -2*v - 5*f = -23. Suppose -v*h = 4*c - 196, -4*c + 3*h = 4*h - 190. What are the prime factors of c?
47
Suppose n + 2*m + 25 = 0, m + 23 = -0*n - n. List the prime factors of 68/7 - 6/n.
2, 5
Let b(w) = 50*w + 90. List the prime factors of b(10).
2, 5, 59
Let m(r) = r**3 - r**2 + r. Let t = 5 + 0. Let l(j) = -28*j**3 - 4*j**2 + 4*j. Let b(s) = t*m(s) - l(s). List the prime factors of b(1).
3, 11
Suppose 2*f + c - 4*c - 9 = 0, -c = 4*f - 11. Let g be 7/((-63)/6)*f. List the prime factors of 44/1 + g + 2.
2, 11
Let g(y) be the first derivative of y**3/3 - y + 6. Let z be g(-6). Suppose -2*j + 97 = z. What are the prime factors of j?
31
Let u(r) = 2934*r - 68. What are the prime factors of u(1)?
2, 1433
Suppose -86*h + 87*h + 4 = 0. What are the prime factors of 3 - (-18 + 7 + h)?
2, 3
Suppose 4*x - 3*c = 596, -4*x + 9*x - 745 = -4*c. What are the prime factors of x?
149
Let t be ((-2 - -2) + 2)*1. Suppose -c - t*c = -189. List the prime factors of (-2)/7 - (-2286)/c.
2, 3
Suppose 2*t + 2746 = 4*u, 2060 = 11*u - 8*u - t. List the prime factors of u.
3, 229
Suppose -924 = -p + 2*f, 2*f = -13*p + 15*p - 1856. List the prime factors of p.
2, 233
Let j(a) = 6*a - 23. Let y be (-154)/(-33)*(-9)/(-6). What are the prime factors of j(y)?
19
Suppose -2 = -b + 2. Suppose 0 = 3*f - 3*j - 18, -b*f - 4*j = -0*j - 16. Suppose 3*t = 29 - f. What are the prime factors of t?
2
Suppose 0 = 3*h - 26*s + 28*s - 2647, h = s + 879. What are the prime factors of h?
881
Let a(y) = 979*y. List the prime factors of a(1).
11, 89
Let w(a) = -24*a**2 - 6*a - 6. Let o be w(5). What are the prime factors of (-4)/20 - o/5?
127
Suppose 3*p - 3 = -9. Let s be 1/((0 - p)/(-144)). List the prime factors of s/(-2) - 1 - 1.
2, 17
Let k(g) = -g**3 + 25*g**2 - 22*g - 47. Let y be k(24). Let z(r) = 173*r**3 - r**2 + 2*r. List the prime factors of z(y).
2, 3, 29
Suppose 0 = h - 0*h + 15. Let o(z) = 2 - 2*z - 22 - z. List the prime factors of o(h).
5
Let k = 205 - 157. List the prime factors of k.
2, 3
Let u(j) = j**3 + 8*j**2 - 5*j - 11. Let g be u(-8). Suppose 63 = 2*p - g. List the prime factors of p.
2, 23
Suppose 0 = -5*v + 11 - 1. Suppose 4*m = -2*k + 44, -110 = -5*k + 5*m - 6*m. Suppose -v*a + 4*a = 2*c + k, -c + 49 = 3*a. List the prime factors of a.
3, 5
Let y be (-10)/3*3/(-2). Let s = y - 10. List the prime factors of (-1)/(((-15)/(-12))/s).
2
What are the prime factors of 10/4 + 8680/16?
5, 109
Suppose 10*w - 6*w - 12 = 0. Suppose -w - 9 = -2*r. Suppose -r*v + 140 = -v. List the prime factors of v.
2, 7
Let t = -20 - -15. Let m = -4 - t. Let a = 23 - m. What are the prime factors of a?
2, 11
Let w(x) = x**2 - 7*x - 15. Let l be w(7). Let r(d) = -d**2 - 15*d + 7. List the prime factors of r(l).
7
Suppose 3*c - 4*n + 44 = -c, 26 = -2*c + 3*n. Let u = 12 + c. Suppose u*s = 86 + 19. List the prime factors of s.
3, 7
Let g(t) = t + 8. Let u be g(-9). Let n = u + 68. What are the prime factors of n?
67
Let t be (251 - 3)*(-2)/(-4). Let n = 38 - t. What are the prime factors of (-1)/(-4) - n/8?
11
Suppose 0 = 4*d + 3*i - 2*i - 9, 4*i + 18 = 2*d. Suppose -z - d*j = -j - 68, -5*j + 139 = 2*z. What are the prime factors of z?
2, 31
Suppose 25*h = 21*h + 324. What are the prime factors of h?
3
Let b(c) = -76*c - 10. What are the prime factors of b(-3)?
2, 109
Let s be (8/3)/((-4)/(-6)). Suppose -s*h + y = -16, -2*h + y + 26 = -4*y. Suppose 0 = g - h - 0. List the prime factors of g.
3
Let z = -740 + 1439. What are the prime factors of z?
3, 233
Let i = -24 + -28. Let v = i + 95. List the prime factors of v.
43
Let h be 14/(-2*(-3)/(-9)). List the prime factors of (203/h)/((-1)/3).
29
What are the prime factors of 285/18 + 4*(-10)/(-240)?
2
Let q = 246 - 227. What are the prime factors of q?
19
Let u be 4 - (26 + -3 + 5). List the prime factors of 2/(-8) + (-2022)/u.
2, 3, 7
Suppose j + 4*r + 10 = 0, 3*j + 5*r = j - 20. Let g(d) = -d - 11. Let u be g(-16). What are the prime factors of (u + 1)*j/(-4)?
3, 5
Let c = -1851 - -4330. List the prime factors of c.
37, 67
Suppose 3*t = 2*t, -5*t - 6260 = -4*v. What are the prime factors of v?
5, 313
Let x = -1166 + 1257. What are the prime factors of x?
7, 13
Suppose 14*j - 36065 = 5207. List the prime factors of j.
2, 11, 67
Let x be 8/6*18/12. Suppose 0 = -2*s + 6, -5*n = -x*s + 82 + 174. Let w = -11 - n. What are the prime factors of w?
3, 13
Suppose 0 = 4*q + 2*f - 3762, 1885 = 14*q - 12*q - 3*f. What are the prime factors of q?
941
List the prime factors of 4705/4 - 4/16.
2, 3, 7
Suppose 71*n = 59*n + 58908. List the prime factors of n.
4909
Let r = -1 - -1. Let t = r - -5. Suppose -7 = -a + t. What are the prime factors of a?
2, 3
Let d = 56 - -3133. What are the prime factors of d?
3, 1063
Let a = -7 - -19. Suppose 4*m = -3*k + a, -k - 4*m + 3 = -1. What are the prime factors of (-4)/8 - (-38)/k?
3
Suppose -5*v + 518 = 5*f + 83, 0 = 4*v. Let h = f + -46. List the prime factors of h.
41
Let m = 135 - 277. List the prime factors of (m/(-3))/((-4)/12 - -1).
71
Let v = 59 + -50. List the prime factors of (-2)/v + (-4240)/(-45).
2, 47
Suppose 2*i = 4 + 4. Let z = -32 - -32. What are the prime factors of i + z + 30/2?
19
Let l(w) = w**2 - 10*w - 3. Let f be l(10). Let r(m) = -20*m - 4. List the prime factors of r(f).
2, 7
Suppose 24 = -4*p - 4. Let t(k) = k**2 - 3*k - 3. What are the prime factors of t(p)?
67
Let s = 461 - 247. List the prime factors of s.
2, 107
Suppose -3*o + r - 330 = 0, 2*o + 6*r + 209 = 3*r. Let w be 6/(-8) - (-3786)/24. Let t = o + w. What are the prime factors of t?
2, 3
Let k = -95 + 126. List the prime factors of k.
31
Let s(r) = -r - 1. Let u be s(7). Let g = 19 + u. List the prime factors of g.
11
Suppose 1944 = w + 3*w. Suppose -3*k + 8*k - z = 790, -3*k = -3*z - w. What are the prime factors of k?
157
What are the prime factors of 482*(-13 + -1)/(-7)?
2, 241
Let l = 93 - 69. Suppose 4*p + 5*a - 40 = 0, a = -2*p - 0*a + 20. Let x = l - p. What are the prime factors of x?
2, 7
Suppose -v + 32 = 4*v + 2*r, -2*r + 16 = 3*v. List the prime factors of (68/v)/(2/20).
5, 17
What are the prime factors of (8 - (-161)/(-21))*1179?
3, 131
Let p be 81/15 + -1*(-2)/(-5). Suppose 3*i + 12 = 0, i + 1176 = p*a - 3*i. What are the prime factors of a?
2, 29
Let n(f) = -6*f + 2. Let c(y) = y - 4 - 2 + 0*y + 5. Let a(z) = 4*c(z) + 2*n(z). What are the prime factors of a(-2)?
2
Suppose 0 = -0*r + r - 1. Let c(u) = -u**2 - 13*u - 23. Let k be c(-10). Let m = k - r. What are the prime factors of m?
2, 3
Let p(o) = o**3 - 8*o**2 + 9*o - 10. Let q be p(7). Let j(u) = 2 - 8 - 1 + 5*u. List the prime factors of j(q).
13
Suppose 77 = 9*f - 8*f - 4*m, f - 74 = 5*m. What are the prime factors of f?
89
What are the prime factors of ((-12)/5)/6*(-54495)/9?
2, 7, 173
List the prime factors of 12 + 20*(-4)/(-16).
17
Let v(t) = t**3 + 6*t**2 - 6*t + 6. Let a be v(-7). Let o(s) = s**3 + 2*s**2 + s. Let x be o(a). Suppose x = 5*y - 208 - 27. What are the prime factors of y?
47
Let a be (-1 + -4)/((-10)/12). Suppose a*l - 930 = -0*l. What are the prime factors of l?
5, 31
Let s(x) = x**